{"id":156,"date":"2025-03-29T14:34:48","date_gmt":"2025-03-29T14:34:48","guid":{"rendered":"https:\/\/jottodrevarva.hu\/?page_id=156"},"modified":"2025-03-29T15:36:08","modified_gmt":"2025-03-29T15:36:08","slug":"adatvedelmi-tajekoztato","status":"publish","type":"page","link":"https:\/\/jottodrevarva.hu\/index.php\/adatvedelmi-tajekoztato\/","title":{"rendered":"Adatv\u00e9delmi T\u00e1j\u00e9koztat\u00f3"},"content":{"rendered":"\t\t<div data-elementor-type=\"wp-page\" data-elementor-id=\"156\" class=\"elementor elementor-156\">\n\t\t\t\t<div class=\"elementor-element elementor-element-9b9fb42 e-flex e-con-boxed e-con e-parent\" data-id=\"9b9fb42\" data-element_type=\"container\">\n\t\t\t\t\t<div class=\"e-con-inner\">\n\t\t<div class=\"elementor-element elementor-element-2b488e3 e-con-full e-flex e-con e-child\" data-id=\"2b488e3\" data-element_type=\"container\">\n\t\t\t\t<div class=\"elementor-element elementor-element-1dd1423 elementor-widget elementor-widget-heading\" data-id=\"1dd1423\" data-element_type=\"widget\" data-widget_type=\"heading.default\">\n\t\t\t\t<div class=\"elementor-widget-container\">\n\t\t\t<style>\/*! elementor - v3.23.0 - 05-08-2024 *\/\n.elementor-heading-title{padding:0;margin:0;line-height:1}.elementor-widget-heading .elementor-heading-title[class*=elementor-size-]>a{color:inherit;font-size:inherit;line-height:inherit}.elementor-widget-heading .elementor-heading-title.elementor-size-small{font-size:15px}.elementor-widget-heading .elementor-heading-title.elementor-size-medium{font-size:19px}.elementor-widget-heading .elementor-heading-title.elementor-size-large{font-size:29px}.elementor-widget-heading .elementor-heading-title.elementor-size-xl{font-size:39px}.elementor-widget-heading .elementor-heading-title.elementor-size-xxl{font-size:59px}<\/style><h4 class=\"elementor-heading-title elementor-size-default\">Adatv\u00e9delmi T\u00e1j\u00e9koztat\u00f3 (GDPR)<\/h4>\t\t<\/div>\n\t\t\t\t<\/div>\n\t\t\t\t<\/div>\n\t\t<div class=\"elementor-element elementor-element-fffba24 e-con-full e-flex e-con e-child\" data-id=\"fffba24\" data-element_type=\"container\">\n\t\t\t\t<div class=\"elementor-element elementor-element-5e976fe elementor-widget elementor-widget-text-editor\" data-id=\"5e976fe\" data-element_type=\"widget\" data-widget_type=\"text-editor.default\">\n\t\t\t\t<div class=\"elementor-widget-container\">\n\t\t\t<style>\/*! elementor - v3.23.0 - 05-08-2024 *\/\n.elementor-widget-text-editor.elementor-drop-cap-view-stacked .elementor-drop-cap{background-color:#69727d;color:#fff}.elementor-widget-text-editor.elementor-drop-cap-view-framed .elementor-drop-cap{color:#69727d;border:3px solid;background-color:transparent}.elementor-widget-text-editor:not(.elementor-drop-cap-view-default) .elementor-drop-cap{margin-top:8px}.elementor-widget-text-editor:not(.elementor-drop-cap-view-default) .elementor-drop-cap-letter{width:1em;height:1em}.elementor-widget-text-editor .elementor-drop-cap{float:left;text-align:center;line-height:1;font-size:50px}.elementor-widget-text-editor .elementor-drop-cap-letter{display:inline-block}<\/style>\t\t\t\t<p><strong>Bevezet\u00e9s<\/strong><\/p><p>A Bressel-Klein Annam\u00e1ria szoptat\u00e1si szaktan\u00e1csad\u00f3 \u00e9s v\u00e9d\u0151n\u0151 (tov\u00e1bbiakban: \u201eSzolg\u00e1ltat\u00f3\u201d) elk\u00f6telezett a szem\u00e9lyes adatok v\u00e9delme ir\u00e1nt. Az al\u00e1bbi adatv\u00e9delmi t\u00e1j\u00e9koztat\u00f3ban r\u00e9szletesen ismertetj\u00fck, hogyan kezelj\u00fck a honlapunkon kereszt\u00fcl gy\u0171jt\u00f6tt szem\u00e9lyes adatokat \u00e9s hogyan biztos\u00edtjuk azok v\u00e9delm\u00e9t a vonatkoz\u00f3 adatv\u00e9delmi t\u00f6rv\u00e9nyek, k\u00fcl\u00f6n\u00f6sen az Eur\u00f3pai Parlament \u00e9s a Tan\u00e1cs (EU) 2016\/679 rendelete (\u00e1ltal\u00e1nos adatv\u00e9delmi rendelet \u2013 GDPR) alapj\u00e1n.<\/p>\t\t\t\t\t\t<\/div>\n\t\t\t\t<\/div>\n\t\t\t\t<\/div>\n\t\t<div class=\"elementor-element elementor-element-b02a546 e-con-full e-flex e-con e-child\" data-id=\"b02a546\" data-element_type=\"container\">\n\t\t\t\t<div class=\"elementor-element elementor-element-1b4e4dd elementor-widget elementor-widget-text-editor\" data-id=\"1b4e4dd\" data-element_type=\"widget\" data-widget_type=\"text-editor.default\">\n\t\t\t\t<div class=\"elementor-widget-container\">\n\t\t\t\t\t\t\t<p><strong>1. Az adatkezel\u0151 \u00e9s el\u00e9rhet\u0151s\u00e9gei<\/strong><\/p><p>Az adatkezel\u0151:<br \/>Bressel-Klein Annam\u00e1ria<br \/>C\u00edm: 8220 Balatonalm\u00e1di Kisber\u00e9nyi \u00fat 36<br \/>E-mail: bressel.klein.annamaria@gmail.com<br \/>Telefon: +36 20 2\u00a0888 985<\/p>\t\t\t\t\t\t<\/div>\n\t\t\t\t<\/div>\n\t\t\t\t<\/div>\n\t\t<div class=\"elementor-element elementor-element-99d486d e-con-full e-flex e-con e-child\" data-id=\"99d486d\" data-element_type=\"container\">\n\t\t\t\t<div class=\"elementor-element elementor-element-bba039f elementor-widget elementor-widget-text-editor\" data-id=\"bba039f\" data-element_type=\"widget\" data-widget_type=\"text-editor.default\">\n\t\t\t\t<div class=\"elementor-widget-container\">\n\t\t\t\t\t\t\t<p><strong>2. Milyen adatokat gy\u0171jt\u00fcnk?<\/strong><\/p><p>A honlapunkon kereszt\u00fcl gy\u0171jt\u00f6tt szem\u00e9lyes adatok t\u00edpusa att\u00f3l f\u00fcgg, hogy milyen szolg\u00e1ltat\u00e1st veszel ig\u00e9nybe. Az al\u00e1bbi adatokat gy\u0171jthetj\u00fck:<\/p><ul><li><strong>Kapcsolatfelv\u00e9tel sor\u00e1n<\/strong>: N\u00e9v, e-mail c\u00edm, telefonsz\u00e1m,<\/li><li><strong>Szolg\u00e1ltat\u00e1s ig\u00e9nybev\u00e9tel\u00e9vel kapcsolatosan<\/strong>: Szem\u00e9lyes adatok, az \u00e9desanya \u00e9s a kisbaba eg\u00e9szs\u00e9g\u00fcgyi \u00e1llapot\u00e1ra vonatkoz\u00f3 adatok<\/li><\/ul>\t\t\t\t\t\t<\/div>\n\t\t\t\t<\/div>\n\t\t\t\t<\/div>\n\t\t<div class=\"elementor-element elementor-element-374dac5 e-con-full e-flex e-con e-child\" data-id=\"374dac5\" data-element_type=\"container\">\n\t\t\t\t<div class=\"elementor-element elementor-element-52df6f8 elementor-widget elementor-widget-text-editor\" data-id=\"52df6f8\" data-element_type=\"widget\" data-widget_type=\"text-editor.default\">\n\t\t\t\t<div class=\"elementor-widget-container\">\n\t\t\t\t\t\t\t<p><strong>3. Mi\u00e9rt gy\u0171jtj\u00fck a szem\u00e9lyes adatokat?<\/strong><\/p><p>A szem\u00e9lyes adatokat az al\u00e1bbi c\u00e9lokb\u00f3l kezelj\u00fck:<\/p><ul><li>Szolg\u00e1ltat\u00e1saink biztos\u00edt\u00e1sa \u00e9s ny\u00fajt\u00e1sa (pl. szoptat\u00e1si tan\u00e1csad\u00e1s, sz\u00fcl\u00e9sfelk\u00e9sz\u00edt\u0151 tanfolyamok).<\/li><li>A\u00a0 szolg\u00e1ltat\u00e1st ig\u00e9nybe vev\u0151kkel val\u00f3 kapcsolattart\u00e1s, sz\u00e1ml\u00e1z\u00e1s, tov\u00e1bb\u00e1 a seg\u00edts\u00e9gny\u00fajt\u00e1shoz sz\u00fcks\u00e9ges inform\u00e1ci\u00f3k megismer\u00e9se.<\/li><li>Kapcsolatfelv\u00e9tel \u00e9s kommunik\u00e1ci\u00f3 a megrendel\u0151kkel.<\/li><li>A szolg\u00e1ltat\u00e1sokkal kapcsolatos fizet\u00e9si tranzakci\u00f3k feldolgoz\u00e1sa.<\/li><li>A weboldal \u00e9s szolg\u00e1ltat\u00e1sok fejleszt\u00e9se \u00e9s jav\u00edt\u00e1sa.<\/li><li>1997. \u00e9vi XLVII. t\u00f6rv\u00e9ny 4. \u00a7 (1) pontja szerint.<\/li><\/ul>\t\t\t\t\t\t<\/div>\n\t\t\t\t<\/div>\n\t\t\t\t<\/div>\n\t\t<div class=\"elementor-element elementor-element-2b02292 e-con-full e-flex e-con e-child\" data-id=\"2b02292\" data-element_type=\"container\">\n\t\t\t\t<div class=\"elementor-element elementor-element-344b35e elementor-widget elementor-widget-text-editor\" data-id=\"344b35e\" data-element_type=\"widget\" data-widget_type=\"text-editor.default\">\n\t\t\t\t<div class=\"elementor-widget-container\">\n\t\t\t\t\t\t\t<p><strong>4. Az adatkezel\u00e9s jogalapja<\/strong><\/p><p>A szem\u00e9lyes adatokat az al\u00e1bbi jogalapokon kezelj\u00fck:<\/p><ul><li><strong>Szerz\u0151d\u00e9s teljes\u00edt\u00e9se<\/strong>: A szem\u00e9lyes adatokat a szolg\u00e1ltat\u00e1saink ny\u00fajt\u00e1s\u00e1hoz sz\u00fcks\u00e9ges m\u00e9rt\u00e9kben kezelj\u00fck, a Megrendel\u0151vel k\u00f6t\u00f6tt szerz\u0151d\u00e9s teljes\u00edt\u00e9se \u00e9rdek\u00e9ben.<\/li><li><strong>Jogos \u00e9rdek<\/strong>: A szem\u00e9lyes adatokat a saj\u00e1t jogos \u00e9rdekeink v\u00e9delme \u00e9rdek\u00e9ben (pl. weboldal biztons\u00e1ga, analitika) is kezelhetj\u00fck.<\/li><li><strong>Hozz\u00e1j\u00e1rul\u00e1s<\/strong>: Amennyiben kifejezett hozz\u00e1j\u00e1rul\u00e1s sz\u00fcks\u00e9ges az adatkezel\u00e9shez, p\u00e9ld\u00e1ul h\u00edrlev\u00e9l k\u00fcld\u00e9se eset\u00e9n, \u00fagy csak a Megrendel\u0151 hozz\u00e1j\u00e1rul\u00e1s\u00e1val kezelj\u00fck az adatokat.<\/li><\/ul>\t\t\t\t\t\t<\/div>\n\t\t\t\t<\/div>\n\t\t\t\t<\/div>\n\t\t<div class=\"elementor-element elementor-element-32d9907 e-con-full e-flex e-con e-child\" data-id=\"32d9907\" data-element_type=\"container\">\n\t\t\t\t<div class=\"elementor-element elementor-element-3ee3b86 elementor-widget elementor-widget-text-editor\" data-id=\"3ee3b86\" data-element_type=\"widget\" data-widget_type=\"text-editor.default\">\n\t\t\t\t<div class=\"elementor-widget-container\">\n\t\t\t\t\t\t\t<p><strong>5. Az adatok megoszt\u00e1sa \u00e9s harmadik felek<\/strong><\/p><p>A szem\u00e9lyes adatokat nem osztjuk meg harmadik felekkel, kiv\u00e9ve, ha:<\/p><ul><li>Az adatkezel\u00e9s a jogi k\u00f6telezetts\u00e9gek teljes\u00edt\u00e9s\u00e9hez sz\u00fcks\u00e9ges (pl. hat\u00f3s\u00e1gi k\u00e9r\u00e9s).<\/li><li>Kisbaba eg\u00e9szs\u00e9g\u00fcgyi vesz\u00e9lynek van kit\u00e9ve (jelz\u00e9si k\u00f6telezetts\u00e9g).<\/li><\/ul>\t\t\t\t\t\t<\/div>\n\t\t\t\t<\/div>\n\t\t\t\t<\/div>\n\t\t<div class=\"elementor-element elementor-element-28d49e0 e-con-full e-flex e-con e-child\" data-id=\"28d49e0\" data-element_type=\"container\">\n\t\t\t\t<div class=\"elementor-element elementor-element-0e220e6 elementor-widget elementor-widget-text-editor\" data-id=\"0e220e6\" data-element_type=\"widget\" data-widget_type=\"text-editor.default\">\n\t\t\t\t<div class=\"elementor-widget-container\">\n\t\t\t\t\t\t\t<p><strong>6. Az adatkezel\u00e9s id\u0151tartama<\/strong><\/p><p>A szem\u00e9lyes adatokat addig kezelj\u00fck, am\u00edg az sz\u00fcks\u00e9ges a szolg\u00e1ltat\u00e1sok biztos\u00edt\u00e1s\u00e1hoz, vagy am\u00edg a jogszab\u00e1lyok nem \u00edrj\u00e1k el\u0151 hosszabb ideig t\u00f6rt\u00e9n\u0151 meg\u0151rz\u00e9st. Ha a kapcsolat megsz\u0171nik, az adatokat t\u00f6r\u00f6lj\u00fck, kiv\u00e9ve, ha jogi k\u00f6telezetts\u00e9g vagy egy\u00e9b jogos \u00e9rdek alapj\u00e1n tov\u00e1bbi adatkezel\u00e9s sz\u00fcks\u00e9ges.<\/p><p>A k\u00fcl\u00f6nleges szem\u00e9lyes adatok \u00e9s az azokhoz kapcsol\u00f3d\u00f3 szem\u00e9lyes adatok kezel\u00e9s\u00e9t az 1997. \u00e9vi XLVII. t\u00f6rv\u00e9ny \u00edrja el\u0151.<\/p>\t\t\t\t\t\t<\/div>\n\t\t\t\t<\/div>\n\t\t\t\t<\/div>\n\t\t<div class=\"elementor-element elementor-element-b2b96ca e-con-full e-flex e-con e-child\" data-id=\"b2b96ca\" data-element_type=\"container\">\n\t\t\t\t<div class=\"elementor-element elementor-element-ce215f2 elementor-widget elementor-widget-text-editor\" data-id=\"ce215f2\" data-element_type=\"widget\" data-widget_type=\"text-editor.default\">\n\t\t\t\t<div class=\"elementor-widget-container\">\n\t\t\t\t\t\t\t<p><strong>7. Az \u00e9rintett jogai<\/strong><\/p><p>A Megrendel\u0151nek az al\u00e1bbi jogai vannak:<\/p><ul><li><strong>Hozz\u00e1f\u00e9r\u00e9shez val\u00f3 jog<\/strong>: Jogod van t\u00e1j\u00e9koztat\u00e1st k\u00e9rni arr\u00f3l, hogy milyen szem\u00e9lyes adatokat kezel\u00fcnk r\u00f3lad.<\/li><li><strong>Helyesb\u00edt\u00e9shez val\u00f3 jog<\/strong>: Jogod van k\u00e9rni az \u00e1ltalunk t\u00e1rolt hib\u00e1s szem\u00e9lyes adatok helyesb\u00edt\u00e9s\u00e9t.<\/li><li><strong>T\u00f6rl\u00e9shez val\u00f3 jog<\/strong>: Jogod van k\u00e9rni szem\u00e9lyes adataid t\u00f6rl\u00e9s\u00e9t, ha azok m\u00e1r nem sz\u00fcks\u00e9gesek a kezel\u00e9s c\u00e9lj\u00e1b\u00f3l.<\/li><li><strong>Adatkezel\u00e9s korl\u00e1toz\u00e1s\u00e1hoz val\u00f3 jog<\/strong>: Jogod van k\u00e9rni a szem\u00e9lyes adatkezel\u00e9s korl\u00e1toz\u00e1s\u00e1t, bizonyos k\u00f6r\u00fclm\u00e9nyek k\u00f6z\u00f6tt.<\/li><li><strong>Adathordozhat\u00f3s\u00e1ghoz val\u00f3 jog<\/strong>: Jogod van k\u00e9rni a szem\u00e9lyes adataid m\u00e1sik adatkezel\u0151h\u00f6z t\u00f6rt\u00e9n\u0151 \u00e1tvitel\u00e9t.<\/li><li><strong>Tiltakoz\u00e1s joga<\/strong>: Jogod van tiltakozni a szem\u00e9lyes adatkezel\u00e9s ellen, amennyiben az jogos \u00e9rdek\u00fcnk alapj\u00e1n t\u00f6rt\u00e9nik.<\/li><\/ul><p>Ha \u00e9lni szeretn\u00e9l b\u00e1rmelyik jogoddal, k\u00e9rj\u00fck, l\u00e9pj kapcsolatba vel\u00fcnk az adatv\u00e9delmi t\u00e1j\u00e9koztat\u00f3ban megadott el\u00e9rhet\u0151s\u00e9gek egyik\u00e9n.<\/p>\t\t\t\t\t\t<\/div>\n\t\t\t\t<\/div>\n\t\t\t\t<\/div>\n\t\t<div class=\"elementor-element elementor-element-34402fe e-con-full e-flex e-con e-child\" data-id=\"34402fe\" data-element_type=\"container\">\n\t\t\t\t<div class=\"elementor-element elementor-element-cc759be elementor-widget elementor-widget-text-editor\" data-id=\"cc759be\" data-element_type=\"widget\" data-widget_type=\"text-editor.default\">\n\t\t\t\t<div class=\"elementor-widget-container\">\n\t\t\t\t\t\t\t<p><strong>8. Az adatok biztons\u00e1ga<\/strong><\/p><p>Minden \u00e9sszer\u0171 int\u00e9zked\u00e9st megtesz\u00fcnk az \u00e1ltalunk kezelt szem\u00e9lyes adatok v\u00e9delme \u00e9rdek\u00e9ben, bele\u00e9rtve a technikai \u00e9s szervezeti int\u00e9zked\u00e9seket a jogosulatlan hozz\u00e1f\u00e9r\u00e9s, m\u00f3dos\u00edt\u00e1s, nyilv\u00e1noss\u00e1gra hozatal vagy megsemmis\u00edt\u00e9s megel\u0151z\u00e9s\u00e9re.<\/p>\t\t\t\t\t\t<\/div>\n\t\t\t\t<\/div>\n\t\t\t\t<\/div>\n\t\t<div class=\"elementor-element elementor-element-4522331 e-con-full e-flex e-con e-child\" data-id=\"4522331\" data-element_type=\"container\">\n\t\t\t\t<div class=\"elementor-element elementor-element-b29699e elementor-widget elementor-widget-text-editor\" data-id=\"b29699e\" data-element_type=\"widget\" data-widget_type=\"text-editor.default\">\n\t\t\t\t<div class=\"elementor-widget-container\">\n\t\t\t\t\t\t\t<p><strong>9. Az adatv\u00e9delmi t\u00e1j\u00e9koztat\u00f3 m\u00f3dos\u00edt\u00e1sa<\/strong><\/p><p>A Szolg\u00e1ltat\u00f3 fenntartja a jogot, hogy a jelen adatv\u00e9delmi t\u00e1j\u00e9koztat\u00f3t b\u00e1rmikor m\u00f3dos\u00edtsa. A m\u00f3dos\u00edt\u00e1sokat a honlapon t\u00f6rt\u00e9n\u0151 k\u00f6zz\u00e9t\u00e9tellel v\u00e1lik \u00e9rv\u00e9nyess\u00e9.<\/p>\t\t\t\t\t\t<\/div>\n\t\t\t\t<\/div>\n\t\t\t\t<\/div>\n\t\t<div class=\"elementor-element elementor-element-53dadc6 e-con-full e-flex e-con e-child\" data-id=\"53dadc6\" data-element_type=\"container\">\n\t\t\t\t<div class=\"elementor-element elementor-element-5eb90bb elementor-widget elementor-widget-text-editor\" data-id=\"5eb90bb\" data-element_type=\"widget\" data-widget_type=\"text-editor.default\">\n\t\t\t\t<div class=\"elementor-widget-container\">\n\t\t\t\t\t\t\t<p><strong>10. Kapcsolat<\/strong><\/p><p>Ha k\u00e9rd\u00e9seid vagy \u00e9szrev\u00e9teleid vannak az adatkezel\u00e9ssel kapcsolatban, k\u00e9rj\u00fck, vedd fel vel\u00fcnk a kapcsolatot az al\u00e1bbi el\u00e9rhet\u0151s\u00e9geken:<\/p><p>E-mail: bressel.klein.annamaria@gmail.com<br \/>Telefon: +36 20 2\u00a0888 985<\/p>\t\t\t\t\t\t<\/div>\n\t\t\t\t<\/div>\n\t\t\t\t<\/div>\n\t\t\t\t\t<\/div>\n\t\t\t\t<\/div>\n\t\t<div class=\"elementor-element elementor-element-4f037ab e-flex e-con-boxed e-con e-parent\" data-id=\"4f037ab\" data-element_type=\"container\">\n\t\t\t\t\t<div class=\"e-con-inner\">\n\t\t<div class=\"elementor-element elementor-element-3d84d4b e-con-full e-grid e-con e-child\" data-id=\"3d84d4b\" data-element_type=\"container\">\n\t\t\t\t<div class=\"elementor-element elementor-element-61b52e2 elementor-widget elementor-widget-image\" data-id=\"61b52e2\" data-element_type=\"widget\" data-widget_type=\"image.default\">\n\t\t\t\t<div class=\"elementor-widget-container\">\n\t\t\t<style>\/*! elementor - v3.23.0 - 05-08-2024 *\/\n.elementor-widget-image{text-align:center}.elementor-widget-image a{display:inline-block}.elementor-widget-image a img[src$=\".svg\"]{width:48px}.elementor-widget-image img{vertical-align:middle;display:inline-block}<\/style>\t\t\t\t\t\t\t\t\t\t\t<a href=\"\/\">\n\t\t\t\t\t\t\t<img decoding=\"async\" src=\"https:\/\/jottodrevarva.hu\/wp-content\/uploads\/elementor\/thumbs\/cropped-golya-qtewmh9ijtwkgpw25qyiw7pzl48rwri2r9upmwkiy0.png\" title=\"cropped-golya.png\" alt=\"cropped-golya.png\" loading=\"lazy\" \/>\t\t\t\t\t\t\t\t<\/a>\n\t\t\t\t\t\t\t\t\t\t\t\t\t<\/div>\n\t\t\t\t<\/div>\n\t\t\t\t<div class=\"elementor-element elementor-element-57b2d96 elementor-widget elementor-widget-text-editor\" data-id=\"57b2d96\" data-element_type=\"widget\" data-widget_type=\"text-editor.default\">\n\t\t\t\t<div class=\"elementor-widget-container\">\n\t\t\t\t\t\t\t<p><a href=\"https:\/\/jottodrevarva.hu\/\">Vissza a f\u0151oldalra<\/a><\/p>\t\t\t\t\t\t<\/div>\n\t\t\t\t<\/div>\n\t\t\t\t<\/div>\n\t\t\t\t\t<\/div>\n\t\t\t\t<\/div>\n\t\t\t\t<\/div>\n\t\t","protected":false},"excerpt":{"rendered":"<p>Adatv\u00e9delmi T\u00e1j\u00e9koztat\u00f3 (GDPR) Bevezet\u00e9s A Bressel-Klein Annam\u00e1ria szoptat\u00e1si szaktan\u00e1csad\u00f3 \u00e9s v\u00e9d\u0151n\u0151 (tov\u00e1bbiakban: \u201eSzolg\u00e1ltat\u00f3\u201d) elk\u00f6telezett a szem\u00e9lyes adatok v\u00e9delme ir\u00e1nt. Az al\u00e1bbi adatv\u00e9delmi t\u00e1j\u00e9koztat\u00f3ban r\u00e9szletesen ismertetj\u00fck, hogyan kezelj\u00fck a honlapunkon kereszt\u00fcl gy\u0171jt\u00f6tt szem\u00e9lyes adatokat \u00e9s hogyan biztos\u00edtjuk azok v\u00e9delm\u00e9t a vonatkoz\u00f3 adatv\u00e9delmi t\u00f6rv\u00e9nyek, k\u00fcl\u00f6n\u00f6sen az Eur\u00f3pai Parlament \u00e9s a Tan\u00e1cs (EU) 2016\/679 rendelete (\u00e1ltal\u00e1nos adatv\u00e9delmi rendelet [&hellip;]<\/p>\n","protected":false},"author":1,"featured_media":0,"parent":0,"menu_order":0,"comment_status":"closed","ping_status":"closed","template":"","meta":{"footnotes":""},"class_list":["post-156","page","type-page","status-publish","hentry"],"_links":{"self":[{"href":"https:\/\/jottodrevarva.hu\/index.php\/wp-json\/wp\/v2\/pages\/156","targetHints":{"allow":["GET"]}}],"collection":[{"href":"https:\/\/jottodrevarva.hu\/index.php\/wp-json\/wp\/v2\/pages"}],"about":[{"href":"https:\/\/jottodrevarva.hu\/index.php\/wp-json\/wp\/v2\/types\/page"}],"author":[{"embeddable":true,"href":"https:\/\/jottodrevarva.hu\/index.php\/wp-json\/wp\/v2\/users\/1"}],"replies":[{"embeddable":true,"href":"https:\/\/jottodrevarva.hu\/index.php\/wp-json\/wp\/v2\/comments?post=156"}],"version-history":[{"count":31,"href":"https:\/\/jottodrevarva.hu\/index.php\/wp-json\/wp\/v2\/pages\/156\/revisions"}],"predecessor-version":[{"id":207,"href":"https:\/\/jottodrevarva.hu\/index.php\/wp-json\/wp\/v2\/pages\/156\/revisions\/207"}],"wp:attachment":[{"href":"https:\/\/jottodrevarva.hu\/index.php\/wp-json\/wp\/v2\/media?parent=156"}],"curies":[{"name":"wp","href":"https:\/\/api.w.org\/{rel}","templated":true}]}}